igit of 1130363?
1
What is the units digit of 2737536?
6
What is the hundreds digit of 1336822?
8
What is the units digit of 1184072?
2
What is the units digit of 23690?
0
What is the thousands digit of 156118?
6
What is the hundred thousands digit of 7586086?
5
What is the units digit of 1418050?
0
What is the units digit of 16057556?
6
What is the thousands digit of 28560807?
0
What is the tens digit of 4534?
3
What is the thousands digit of 3734021?
4
What is the units digit of 76902?
2
What is the tens digit of 159064?
6
What is the ten thousands digit of 5786342?
8
What is the units digit of 611279?
9
What is the hundred thousands digit of 21157047?
1
What is the ten thousands digit of 1098217?
9
What is the tens digit of 148552?
5
What is the units digit of 1586617?
7
What is the ten thousands digit of 6831000?
3
What is the hundred thousands digit of 707571?
7
What is the hundreds digit of 2916911?
9
What is the ten thousands digit of 54166?
5
What is the units digit of 310695?
5
What is the units digit of 13922542?
2
What is the units digit of 471480?
0
What is the hundreds digit of 6049822?
8
What is the millions digit of 29217032?
9
What is the ten thousands digit of 3478119?
7
What is the units digit of 5487508?
8
What is the units digit of 4690986?
6
What is the tens digit of 4337?
3
What is the hundreds digit of 3346761?
7
What is the thousands digit of 313721?
3
What is the ten thousands digit of 171088?
7
What is the thousands digit of 1460652?
0
What is the hundred thousands digit of 638422?
6
What is the thousands digit of 492097?
2
What is the ten thousands digit of 87394?
8
What is the tens digit of 6845437?
3
What is the tens digit of 80835?
3
What is the ten thousands digit of 15803195?
0
What is the units digit of 1244692?
2
What is the ten thousands digit of 6435753?
3
What is the thousands digit of 288357?
8
What is the units digit of 2443420?
0
What is the tens digit of 3742939?
3
What is the hundred thousands digit of 331502?
3
What is the thousands digit of 928347?
8
What is the hundreds digit of 705308?
3
What is the units digit of 327303?
3
What is the ten thousands digit of 5346366?
4
What is the millions digit of 1203064?
1
What is the tens digit of 463923?
2
What is the ten thousands digit of 3723041?
2
What is the units digit of 272477?
7
What is the millions digit of 10968616?
0
What is the hundred thousands digit of 449636?
4
What is the hundred thousands digit of 596054?
5
What is the hundreds digit of 895635?
6
What is the units digit of 2184941?
1
What is the units digit of 9115370?
0
What is the hundreds digit of 9422582?
5
What is the hundreds digit of 2943446?
4
What is the ten thousands digit of 959768?
5
What is the millions digit of 3262290?
3
What is the hundreds digit of 149430?
4
What is the hundreds digit of 33334323?
3
What is the ten thousands digit of 4454609?
5
What is the hundred thousands digit of 4624994?
6
What is the thousands digit of 445068?
5
What is the ten thousands digit of 983753?
8
What is the millions digit of 2874797?
2
What is the hundred thousands digit of 2150124?
1
What is the thousands digit of 7995853?
5
What is the hundred thousands digit of 1415522?
4
What is the tens digit of 115417?
1
What is the hundreds digit of 4432400?
4
What is the tens digit of 474551?
5
What is the units digit of 1108281?
1
What is the units digit of 983387?
7
What is the units digit of 462105?
5
What is the thousands digit of 3081425?
1
What is the millions digit of 8151949?
8
What is the ten thousands digit of 31583617?
8
What is the hundreds digit of 31233?
2
What is the millions digit of 2129389?
2
What is the tens digit of 790595?
9
What is the millions digit of 1708353?
1
What is the hundreds digit of 925349?
3
What is the ten thousands digit of 19040?
1
What is the thousands digit of 3291139?
1
What is the hundred thousands digit of 492080?
4
What is the ten thousands digit of 4939580?
3
What is the thousands digit of 5519490?
9
What is the ten thousands digit of 334571?
3
What is the tens digit of 161794?
9
What is the tens digit of 279309?
0
What is the units digit of 1543598?
8
What is the tens digit of 232362?
6
What is the tens digit of 324192?
9
What is the units digit of 104389?
9
What is the hundred thousands digit of 3798193?
7
What is the ten thousands digit of 385690?
8
What is the units digit of 5612755?
5
What is the hundred thousands digit of 1718893?
7
What is the tens digit of 955224?
2
What is the thousands digit of 23373883?
3
What is the hundred thousands digit of 337669?
3
What is the ten thousands digit of 1682595?
8
What is the hundreds digit of 52042?
0
What is the ten thousands digit of 4046813?
4
What is the hundred thousands digit of 915400?
9
What is the units digit of 5687695?
5
What is the thousands digit of 287323?
7
What is the tens digit of 651966?
6
What is the units digit of 2839464?
4
What is the hundreds digit of 107766?
7
What is the thousands digit of 5229602?
9
What is the hundreds digit of 4915093?
0
What is the hundred thousands digit of 230368?
2
What is the millions digit of 3639192?
3
What is the thousands digit of 135771?
5
What is the ten millions digit of 16751797?
1
What is the thousands digit of 119612?
9
What is the hundreds digit of 269462?
4
What is the thousands digit of 44967?
4
What is the ten thousands digit of 1589514?
8
What is the thousands digit of 12606052?
6
What is the tens digit of 23704656?
5
What is the thousands digit of 159882?
9
What is the ten thousands digit of 12439146?
3
What is the ten thousands digit of 13873337?
7
What is the millions digit of 1404618?
1
What is the tens digit of 1649514?
1
What is the tens digit of 140153?
5
What is the hundred thousands digit of 223064?
2
What is the units digit of 368577?
7
What is the ten thousands digit of 11715549?
1
What is the units digit of 375151?
1
What is the ten thousands digit of 660623?
6
What is the millions digit of 2912700?
2
What is the tens digit of 221663?
6
What is the thousands digit of 269370?
9
What is the units digit of 11281667?
7
What is the hundred thousands digit of 129230?
1
What is the thousands digit of 26511917?
1
What is the hundreds digit of 199271?
2
What is the tens digit of 171246?
4
What is the thousands digit of 1609989?
9
What is the tens digit of 4414?
1
What is the millions digit of 1095197?
1
What is the tens digit of 171417?
1
What is the ten thousands digit of 801002?
0
What is the hundreds digit of 34445?
4
What is the thousands digit of 29947787?
7
What is the ten thousands digit of 612220?
1
What is the thousands digit of 779471?
9
What is the tens digit of 12392666?
6
What is the ten millions digit of 23822464?
2
What is the hundreds digit of 493279?
2
What is the tens digit of 763846?
4
What is the ten thousands digit of 5413847?
1
What is the hundred thousands digit of 816905?
8
What is the units digit of 4587264?
4
What is the ten millions digit of 11554301?
1
What is the units digit of 2355177?
7
What is the thousands digit of 1373236?
3
What is the hundred thousands digit of 17068607?
0
What is the tens digit of 1663155?
5
What is the tens digit of 713433?
3
What is the hundred thousands digit of 834052?
8
What is the ten thousands digit of 1365523?
6
What is the units digit of 1131074?
4
What is the units digit of 219533?
3
What is the ten thousands digit of 6527850?
2
What is the ten thousands digit of 72141?
7
What is the ten thousands digit of 35052?
3
What is the units digit of 23839?
9
What is the hundreds digit of 4259808?
8
What is the ten thousands digit of 8279100?
7
What is the hundreds digit of 74531?
5
What is the thousands digit of 389307?
9
What is the hundred thousands digit of 27393493?
3
What is the thousands digit of 204910?
4
What is the ten millions digit of 36294727?
3
What is the ten thousands digit of 349440?
4
What is the ten millions digit of 16011443?
1
What is the ten thousands digit of 2035668?
3
What is the hundred thousands digit of 336744?
3
What is the ten thousands digit of 34777?
3
What is the units digit of 1388196?
6
What is the hundred thousands digit of 273579?
2
What is the ten thousands digit of 539477?
3
What is the hundreds digit of 11866936?
9
What is the hundreds digit of 209